{"id":1069,"date":"2022-02-02T15:17:17","date_gmt":"2022-02-02T14:17:17","guid":{"rendered":"http:\/\/www.planete-a-roulettes.net\/Site\/?page_id=1069"},"modified":"2022-02-26T18:02:19","modified_gmt":"2022-02-26T17:02:19","slug":"villa-cavrois","status":"publish","type":"page","link":"https:\/\/www.planete-a-roulettes.net\/Site\/villa-cavrois\/","title":{"rendered":"Villa Cavrois"},"content":{"rendered":"\n<div class=\"wp-block-stackable-subtitle stk-block-subtitle stk-block stk-be21755\" data-block-id=\"be21755\"><style>.stk-be21755{min-height:0px !important;max-width:1500px !important;min-width:auto !important;padding-top:6px !important;padding-right:6px !important;padding-bottom:6px !important;padding-left:6px !important;margin-bottom:25px !important;display:flex !important}.stk-be21755{align-items:flex-start !important}.stk-be21755{z-index:3 !important}.stk-be21755 .stk-block-subtitle__text{text-shadow:2px 2px 4px rgba(0,0,0,0.2) !important;font-size:40px !important;color:var(--theme-palette-color-3,#3A4F66) !important;font-family:\"Bai Jamjuree\",Sans-serif !important}@media screen and (max-width:1023px){.stk-be21755 .stk-block-subtitle__text{font-size:40px !important}}<\/style><p class=\"stk-block-subtitle__text stk-subtitle has-text-color has-palette-color-3-color has-text-align-left\">           <strong> <strong>Visite virtuelle de la Villa Cavrois<\/strong><\/strong><\/p><\/div>\n\n\n\n<p style=\"font-size:clamp(14px, 0.875rem + ((1vw - 3.2px) * 0.313), 18px);\">La villa Cavrois, \u00e0 Croix pr\u00e8s de Lille, a \u00e9t\u00e9 con\u00e7ue en 1929 par l&#8217;architecte Mallet Stevens. A l&#8217;abandon dans les ann\u00e9es 1980, elle est rachet\u00e9e par l&#8217;Etat en 2001, puis enti\u00e8rement restaur\u00e9e. Sa gestion est aujourd&#8217;hui assur\u00e9e par le <strong>Centre des Monuments Nationaux <\/strong>(CMN).<\/p>\n\n\n\n<p style=\"font-size:clamp(14px, 0.875rem + ((1vw - 3.2px) * 0.313), 18px);\">En septembre 2018, avec l&#8217;accord du CMN, nous avons pu scanner la villa en utilisant des techniques de photogramm\u00e9trie, afin de mod\u00e9liser le b\u00e2timent en 3D et proposer sa &#8220;<strong>visite virtuelle<\/strong>&#8221; grace \u00e0 des lunettes VR. Sur cette page est pr\u00e9sent\u00e9 le mod\u00e8le r\u00e9sultant de ce scan. Depuis le lien ci-dessous est propos\u00e9 <strong>le t\u00e9l\u00e9chargement gratuit du logiciel de visite virtuelle.<\/strong><\/p>\n\n\n\n<p style=\"font-size:clamp(14px, 0.875rem + ((1vw - 3.2px) * 0.313), 18px);\">&gt; <a href=\"http:\/\/www.planete-a-roulettes.net\/VillaCavrois\/Soft\/\" target=\"_blank\" rel=\"noreferrer noopener\"><strong>T\u00e9l\u00e9charger le logiciel executable sous Windows 64bits de la visite virtuelle pour lunettes HTC Vive ou Oculus<\/strong><\/a>. Pour des questions de s\u00e9curit\u00e9, cet acc\u00e8s est prot\u00e9g\u00e9; afin d&#8217;obtenir gratuitement le mot de passe permettant de lancer le t\u00e9l\u00e9chargement, merci d&#8217;adresser votre demande par mail \u00e0 : <a href=\"mailto:olivier@olivier-boisard.net\" target=\"_blank\" rel=\"noreferrer noopener\">olivier@olivier-boisard.net<\/a>.<\/p>\n\n\n\n<iframe loading=\"lazy\" title=\"Villa Cavrois\" src=\"https:\/\/www.planete-a-roulettes.net\/VillaCavrois\/Modele3d\/\" width=\"800\" height=\"600\">\n<\/iframe>\n\n\n\n<div class=\"wp-block-stackable-subtitle stk-block-subtitle stk-block stk-b2d2577\" data-block-id=\"b2d2577\"><style>.stk-b2d2577{margin-top:-22px !important}.stk-b2d2577 .stk-block-subtitle__text{font-size:14px !important}@media screen and (max-width:1023px){.stk-b2d2577 .stk-block-subtitle__text{font-size:14px !important}}<\/style><p class=\"stk-block-subtitle__text stk-subtitle has-text-align-right\"><em>Mod\u00e8le r\u00e9alis\u00e9 \u00e0 partir d&#8217;une capture 3D par photogramm\u00e9trie &#8211; \u00a9 Olivier Boisard 2018<\/em><\/p><\/div>\n\n\n\n<figure class=\"wp-block-embed is-type-video is-provider-youtube wp-block-embed-youtube wp-embed-aspect-16-9 wp-has-aspect-ratio\"><div class=\"wp-block-embed__wrapper\">\n<iframe loading=\"lazy\" title=\"Villa Cavrois VR\" width=\"1290\" height=\"726\" src=\"https:\/\/www.youtube.com\/embed\/FSyIloDDI0g?feature=oembed\" frameborder=\"0\" allow=\"accelerometer; autoplay; clipboard-write; encrypted-media; gyroscope; picture-in-picture; web-share\" referrerpolicy=\"strict-origin-when-cross-origin\" allowfullscreen><\/iframe>\n<\/div><\/figure>\n","protected":false},"excerpt":{"rendered":"<p>Visite virtuelle de la Villa Cavrois La villa Cavrois, \u00e0 Croix pr\u00e8s de Lille, a \u00e9t\u00e9 con\u00e7ue en 1929 par l&#8217;architecte Mallet Stevens. A l&#8217;abandon dans les ann\u00e9es 1980, elle est rachet\u00e9e par l&#8217;Etat en 2001, puis enti\u00e8rement restaur\u00e9e. Sa gestion est aujourd&#8217;hui assur\u00e9e par le Centre des Monuments Nationaux (CMN). En septembre 2018, avec [&hellip;]<\/p>\n","protected":false},"author":1,"featured_media":0,"parent":0,"menu_order":0,"comment_status":"closed","ping_status":"closed","template":"","meta":{"_uag_custom_page_level_css":"","footnotes":""},"blocksy_meta":{"styles_descriptor":{"styles":{"desktop":"","tablet":"","mobile":""},"google_fonts":[],"version":6}},"uagb_featured_image_src":{"full":false,"thumbnail":false,"medium":false,"medium_large":false,"large":false,"1536x1536":false,"2048x2048":false,"awb_sm":false,"awb_md":false,"awb_lg":false,"awb_xl":false},"uagb_author_info":{"display_name":"oboisard","author_link":"https:\/\/www.planete-a-roulettes.net\/Site\/blog\/author\/oboisard\/"},"uagb_comment_info":0,"uagb_excerpt":"Visite virtuelle de la Villa Cavrois La villa Cavrois, \u00e0 Croix pr\u00e8s de Lille, a \u00e9t\u00e9 con\u00e7ue en 1929 par l&#8217;architecte Mallet Stevens. A l&#8217;abandon dans les ann\u00e9es 1980, elle est rachet\u00e9e par l&#8217;Etat en 2001, puis enti\u00e8rement restaur\u00e9e. Sa gestion est aujourd&#8217;hui assur\u00e9e par le Centre des Monuments Nationaux (CMN). En septembre 2018, avec\u2026","_links":{"self":[{"href":"https:\/\/www.planete-a-roulettes.net\/Site\/wp-json\/wp\/v2\/pages\/1069"}],"collection":[{"href":"https:\/\/www.planete-a-roulettes.net\/Site\/wp-json\/wp\/v2\/pages"}],"about":[{"href":"https:\/\/www.planete-a-roulettes.net\/Site\/wp-json\/wp\/v2\/types\/page"}],"author":[{"embeddable":true,"href":"https:\/\/www.planete-a-roulettes.net\/Site\/wp-json\/wp\/v2\/users\/1"}],"replies":[{"embeddable":true,"href":"https:\/\/www.planete-a-roulettes.net\/Site\/wp-json\/wp\/v2\/comments?post=1069"}],"version-history":[{"count":8,"href":"https:\/\/www.planete-a-roulettes.net\/Site\/wp-json\/wp\/v2\/pages\/1069\/revisions"}],"predecessor-version":[{"id":1962,"href":"https:\/\/www.planete-a-roulettes.net\/Site\/wp-json\/wp\/v2\/pages\/1069\/revisions\/1962"}],"wp:attachment":[{"href":"https:\/\/www.planete-a-roulettes.net\/Site\/wp-json\/wp\/v2\/media?parent=1069"}],"curies":[{"name":"wp","href":"https:\/\/api.w.org\/{rel}","templated":true}]}}